 3, what is -2201 - -11001122?
10221221
In base 11, what is -3 - -30068?
30065
In base 8, what is -14444 + 7?
-14435
In base 5, what is -112 - 10222?
-10334
In base 10, what is 80 + -15200?
-15120
In base 2, what is 1 - -1000010000101100?
1000010000101101
In base 9, what is -177065 - 1?
-177066
In base 14, what is 296 - -634?
8ca
In base 5, what is -1 + 21102?
21101
In base 12, what is -5 + 2328?
2323
In base 6, what is 2533005 - -2?
2533011
In base 15, what is 7b1 + eb?
8ac
In base 6, what is -5 - -1310312?
1310303
In base 7, what is -14364 + 553?
-13511
In base 6, what is -10 + -550452?
-550502
In base 12, what is -308b - -3?
-3088
In base 2, what is 10001001 - -100001000011?
100011001100
In base 15, what is 4343 + 3?
4346
In base 15, what is 4e57 + 0?
4e57
In base 9, what is -3028 + 685?
-2233
In base 11, what is -14a4 + 39?
-1466
In base 8, what is 1 - 1711525?
-1711524
In base 4, what is 20 + 3312313?
3312333
In base 15, what is e65 - 507?
95d
In base 3, what is 11200002 - -1120?
11201122
In base 12, what is 3 - 574264?
-574261
In base 8, what is -2053 - -66?
-1765
In base 13, what is 25 + 57?
7c
In base 16, what is -66525 - 4?
-66529
In base 6, what is 311321 + -253?
311024
In base 16, what is 4 - -6625?
6629
In base 14, what is 7b0 + 415?
bc5
In base 12, what is -57 + -2b949?
-2b9a4
In base 9, what is -1 - 23788?
-23800
In base 10, what is 42043 + -2?
42041
In base 12, what is -9b + -b914?
-b9b3
In base 13, what is 1 - 775c?
-775b
In base 5, what is 14133334 + 4?
14133343
In base 9, what is -4 + -8887?
-10002
In base 5, what is 1010 + 333424?
334434
In base 13, what is -2aa56 - -14?
-2aa42
In base 10, what is -276670 - 4?
-276674
In base 10, what is 1 + -126649?
-126648
In base 5, what is -30 + -120311?
-120341
In base 3, what is -222 + -20022121?
-20100120
In base 4, what is 21300 - -1121?
23021
In base 6, what is -15241532 - -12?
-15241520
In base 11, what is 2624 - -66?
268a
In base 3, what is 1120 + 2011101?
2012221
In base 3, what is -1122 - 2220202002?
-2220210201
In base 15, what is -75 + -18?
-8d
In base 9, what is -2 + -738?
-741
In base 2, what is -101010001001 + -10111101?
-101101000110
In base 5, what is 10104 - 21040?
-10431
In base 4, what is -11121 + 32?
-11023
In base 6, what is -33042 + 12?
-33030
In base 14, what is -2b85 + 14?
-2b71
In base 16, what is e + 41?
4f
In base 11, what is -49530 + 3?
-49528
In base 13, what is -5 - 3131?
-3136
In base 8, what is 20217 - -1?
20220
In base 2, what is 11010111 + 10101010?
110000001
In base 13, what is -164c - 12a?
-1779
In base 7, what is 33356 - -25?
33414
In base 16, what is -58a2 + -4?
-58a6
In base 2, what is 11100110001111 - 1000?
11100110000111
In base 5, what is -1214321 - 14?
-1214340
In base 9, what is 4 + -1063158?
-1063154
In base 11, what is -1289 - -518?
-871
In base 11, what is 7 - -5802?
5809
In base 10, what is 1827 + -29?
1798
In base 7, what is -300515 - -22?
-300463
In base 13, what is 3 + 1a434?
1a437
In base 14, what is -3b - 443c?
-4479
In base 2, what is -11 - 100010100001011011001?
-100010100001011011100
In base 6, what is -2124 - -5001?
2433
In base 11, what is -2158 + 8?
-2150
In base 16, what is -a + 53bc0?
53bb6
In base 7, what is 1652 - -2661?
4643
In base 14, what is -191 - -6d?
-122
In base 7, what is -216106 + -46?
-216155
In base 10, what is 7 + 10665?
10672
In base 13, what is -a4 + 149?
75
In base 3, what is -100001102 + 10111?
-22220221
In base 14, what is -60 - 4b?
-ab
In base 3, what is -12220120210 - -101?
-12220120102
In base 4, what is 2 - 22132132?
-22132130
In base 9, what is 47 + -412?
-354
In base 12, what is -1b621 + 1?
-1b620
In base 2, what is -110 - 1011011011111011?
-1011011100000001
In base 12, what is 5 + -91577?
-91572
In base 8, what is -1 - -13505?
13504
In base 3, what is 121202 + -10110?
111022
In base 6, what is 3421 + 41?
3502
In base 14, what is 5 + 44378?
4437d
In base 16, what is 789 + 225?
9ae
In base 3, what is 22 + -1010002110022?
-1010002110000
In base 7, what is 53 - 10442?
-10356
In base 12, what is -17a - 4a7?
-665
In base 2, what is 101 - 10010111010100101?
-10010111010100000
In base 16, what is 662 + -57d?
e5
In base 15, what is -68b + 20?
-66b
In base 11, what is 1059145 + 2?
1059147
In base 15, what is a18e + -4?
a18a
In base 8, what is -14073 + -1?
-14074
In base 13, what is -3 - 24b619?
-24b61c
In base 5, what is 122023 - 23?
122000
In base 3, what is -11 - 12201212010?
-12201212021
In base 15, what is 1 - aa81?
-aa80
In base 8, what is -156 - 143?
-321
In base 16, what is 39 + 15f?
198
In base 3, what is 101101001 + 1?
101101002
In base 3, what is -1 - -10021012202?
10021012201
In base 3, what is 2 - 1200202001112?
-1200202001110
In base 13, what is b - -39a?
3a8
In base 14, what is 10 - 66?
-56
In base 16, what is 514c7 - 0?
514c7
In base 15, what is 2e + 6a9?
6d8
In base 15, what is aa70 + 4?
aa74
In base 14, what is 365d8 + -4?
365d4
In base 11, what is -29414 - -3?
-29411
In base 3, what is -122 - -121121000?
121120101
In base 13, what is 62 - 1069?
-1007
In base 12, what is b6937 - 0?
b6937
In base 7, what is -11 - -15322?
15311
In base 10, what is -29945 - -3?
-29942
In base 3, what is -2 + -211210110?
-211210112
In base 7, what is -16 - 535122?
-535141
In base 16, what is -b911 - -2?
-b90f
In base 3, what is 20220 + 1001202?
1022122
In base 3, what is -11 + 202001211121?
202001211110
In base 12, what is -15528 - 57?
-15583
In base 8, what is 1315641 - 0?
1315641
In base 11, what is 1485 + -616?
96a
In base 9, what is -5281 + 10?
-5271
In base 10, what is 3 - -15997?
16000
In base 9, what is 0 - 67625?
-67625
In base 10, what is 2 + -15092?
-15090
In base 9, what is -6 - -133204?
133187
In base 3, what is 11200 - -2020100?
2102000
In base 15, what is -4 - 3c641?
-3c645
In base 15, what is 30406a - 0?
30406a
In base 11, what is -1857 - -322?
-1535
In base 3, what is 101212021 - 102?
101211212
In base 5, what is -131414 - -333?
-131031
In base 7, what is 1014 - -126506?
130523
In base 9, what is -30 - 3115?
-3145
In base 4, what is 3223 + 10311121?
10321010
In base 4, what is -31 - 123111?
-123202
In base 12, what is -9b3 - -7?
-9a8
In base 8, what is -1123 - -6?
-1115
In base 16, what is -12 + -231f?
-2331
In base 16, what is d + 22e0?
22ed
In base 7, what is -1103 - -24?
-1046
In base 14, what is -53 - 6d57?
-6daa
In base 16, what is -8 + ebc?
eb4
In base 5, what is -103 + -2332?
-2440
In base 4, what is 20023 - -1313?
22002
In base 12, what is 8 - 40531?
-40525
In base 12, what is -21012 - -42?
-20b90
In base 5, what is 14433 + -1142?
13241
In base 2, what is -111010111 - -111101?
-110011010
In base 9, what is -7 - -221621?
221613
In base 6, what is -4 + 122500?
122452
In base 6, what is -103 - -51211?
51104
In base 8, what is 1 - -212215?
212216
In base 7, what is -16 - -101355?
101336
In base 4, what is 2200311 - -3?
2200320
In base 10, what is 0 - 6570?
-6570
In base 16, what is 0 + -6808e?
-6808e
In base 11, what is -8 - 346997?
-3469a4
In base 15, what is -1e870 - 16?
-1e886
In base 2, what is -11110000101110 - -1001001?
-11101111100101
In base 13, what is 13 - -b050?
b063
In base 12, what is -22417 + -2?
-22419
In base 10, what is -8985774 - -4?
-8985770
In base 6, what is -5 - 335331?
-335340
In base 4, what is 103 + 13021233?
13022002
In base 5, what is -100133034 - -21?
-100133013
In base 9, what is 164 - 408?
-234
In base 8, what is 6 - -1006511?
1006517
In base 10, what is 5196 - -77?
5273
In base 4, what is 1020013 + 20?
1020033
In base 6, what is -5 + -1540212?
-1540221
In base 7, what is 161 + 4313?
4504
In base 8, what is 1107 + 11?
1120
In base 7, what is -1240566 - 2?
-1240601
In base 11, what is -815 + -830?
-1545
In base 9, what is -1840 - 14?
-1854
In base 3, what is -1000212121 - 11?
-1000212202
In base 2, what is 1010011111101 - -1010101?
1010101010010
In base 8, what is -23 + -2041?
-2064
In base 15, what is -2c4 - 1a?
-2de
In base 14, what is 3 + 2ca85?
2ca88
In base 9, what is -26851 + -2?
-26853
In base 12, what is -1a + -14948?
-14966
In base 12, what is 1704a - 4?
17046
In base 2, what is -110101100010 - 11?
-110101100101
In base 6, what is -2 + 202455?
202453
In base 6, what is -325525 + 3?
-325522
In base 8, what is -30366 + -3?
-30371
In base 4, what is 330210